2
Let s(k) = -2*k**2 - 73*k + 224. Calculate s(3).
-13
Let t(g) = -5*g**2 - 34*g + 90. Determine t(3).
-57
Let p(u) = -18*u + 721. Give p(40).
1
Let t(d) = -8*d**3 - 53*d**2 + 21*d - 5. Calculate t(-7).
-5
Let g(d) = -565*d - 1. What is g(0)?
-1
Let a(j) = -j**2 - 24*j + 499. Give a(-38).
-33
Let b(n) = 11*n**3 - 3*n + 5. Calculate b(2).
87
Let n(w) = 21*w - 23. What is n(-6)?
-149
Let q(k) = k**3 + 6*k**2 - 11*k - 98. What is q(-4)?
-22
Let c(p) = p**3 - 55*p**2 - 105*p - 502. Give c(57).
11
Let z(a) = 276*a + 831. What is z(-3)?
3
Let l(u) = -u**3 - 275*u**2 + 825*u + 3. Calculate l(3).
-24
Let h(o) = 317*o + 25979. Determine h(-82).
-15
Let y(n) = 10*n - 108. Determine y(6).
-48
Let o(m) = -6*m - 210. Determine o(-21).
-84
Let m(o) = 27*o - 190. Determine m(5).
-55
Let b(s) = 2*s - 464. Determine b(25).
-414
Let u(s) = -3*s**2 - 77*s - 237. Give u(-29).
-527
Let a(r) = 3*r - 18. Determine a(-17).
-69
Let h(g) = -243*g + 6809. Give h(28).
5
Let p(s) = -10*s + 349. What is p(41)?
-61
Let o(s) = s**3 - 14*s**2 + 34*s + 5. What is o(3)?
8
Let a(w) = 227*w + 24498. Give a(-108).
-18
Let i(f) = -4*f**3 - 2*f - 19. Give i(-3).
95
Let l(q) = -q**3 - 6*q**2 - 6*q - 4. Determine l(-1).
-3
Let r(c) = 106*c - 5588. Give r(53).
30
Let a(c) = c**3 + 35*c**2 - 566*c - 76. Give a(-47).
18
Let g(c) = -97*c + 771. What is g(8)?
-5
Let f(p) = 2*p**3 + 9*p**2 + 14*p - 4. Calculate f(-6).
-196
Let u(j) = -j**3 - 11*j**2 + 10*j - 10. Give u(-12).
14
Let x(f) = -173*f - 355. What is x(-2)?
-9
Let x(u) = -39*u - 3635. Determine x(-93).
-8
Let p(f) = f**3 - 130*f**2 + 4226*f - 610. Determine p(62).
10
Let d(z) = 6*z**2 + 49*z + 307. Determine d(-6).
229
Let o(n) = n**2 - 85*n - 604. Determine o(-7).
40
Let a(y) = 19*y**2 + 985*y - 174. Determine a(-52).
-18
Let o(m) = 15*m**3 - 22*m**2 + 19*m + 2. Calculate o(1).
14
Let m(z) = 2*z**3 - 59*z**2 + 21*z + 28. What is m(29)?
-204
Let a(v) = -11*v**3 - 5*v**2 + 28*v + 28. Give a(-1).
6
Let l(g) = -g**2 - 76*g + 399. Give l(-81).
-6
Let b(p) = p**3 - 24*p**2 + 99*p + 19. Calculate b(19).
95
Let x(p) = -3*p**2 - 7*p + 33. What is x(-6)?
-33
Let i(w) = 87*w - 24. What is i(-2)?
-198
Let a(u) = u**3 + 64*u**2 + 827*u - 50. What is a(-46)?
-4
Let z(m) = m**2 - 49*m + 397. What is z(0)?
397
Let i(n) = -53*n - 526. Determine i(-9).
-49
Let h(p) = -p**3 + 29*p**2 - 189*p + 145. What is h(20)?
-35
Let a(l) = -l**3 - 17*l**2 - 20*l - 43. Determine a(-16).
21
Let j(r) = -r**2 - 9*r + 64. Calculate j(12).
-188
Let y(z) = 91*z - 1537. Calculate y(18).
101
Let c(b) = 19*b - 184. Determine c(9).
-13
Let f(i) = -2*i**2 + 54*i + 1072. What is f(-13)?
32
Let u(d) = d**2 + 14*d + 89. Give u(-13).
76
Let t(y) = -y**3 - y**2 - 3*y - 145. Calculate t(0).
-145
Let c(f) = -f**2 - 80*f - 836. Give c(-14).
88
Let r(q) = -23*q + 24. Calculate r(6).
-114
Let d(b) = -b**3 + 1647*b**2 - 3288*b - 2. Determine d(2).
2
Let q(u) = 1890*u + 105834. Determine q(-56).
-6
Let h(a) = a**3 + 98*a**2 + 193*a + 89. Give h(-96).
-7
Let i(l) = -152*l + 3358. Give i(22).
14
Let m(c) = 2*c**2 - 158*c + 1067. Calculate m(71).
-69
Let n(d) = -29*d + 1149. Calculate n(39).
18
Let v(i) = 4*i**2 - 165*i + 196. Give v(40).
-4
Let m(l) = 4*l**3 - 308*l**2 - 315*l + 210. Give m(78).
-24
Let v(g) = 10*g**2 - 17*g. What is v(10)?
830
Let g(y) = -3*y**2 + 28*y - 21. Determine g(9).
-12
Let t(g) = -568*g + 117018. Determine t(206).
10
Let c(p) = 95*p**2 + 2562*p - 84. Calculate c(-27).
-3
Let o(b) = 131*b**2 + 70*b - 3. What is o(-1)?
58
Let y(q) = -q**3 - q**2 + 408*q - 808. Determine y(2).
-4
Let j(w) = w**3 + 23*w**2 - 15*w - 1825. Calculate j(-18).
65
Let v(a) = 110*a + 232. Give v(-2).
12
Let a(z) = 6*z**3 - 20*z**2 - 151*z - 6. Give a(7).
15
Let n(d) = d**3 + 13*d**2 + 178*d + 1478. Determine n(-10).
-2
Let f(c) = 8*c**3 - 11*c**2 + 49*c - 100. Calculate f(2).
18
Let p(r) = 17*r**2 + 2577*r - 1057. Give p(-152).
7
Let s(d) = -5579*d - 5625. Give s(-1).
-46
Let p(d) = -d**3 + 8*d**2 - 7*d - 4. Calculate p(3).
20
Let u(a) = 2*a**2 - 3*a + 14. What is u(8)?
118
Let y(t) = 25*t**3 - 3*t**2 - 37*t - 36. What is y(-1)?
-27
Let f(o) = -o**3 - 12*o**2 + 221*o + 26. Calculate f(-22).
4
Let u(t) = 154*t - 1418. Give u(7).
-340
Let b(u) = u**3 - 81*u**2 - 1015*u + 271. What is b(92)?
-5
Let n(s) = s**3 - 3*s**2 - 34*s + 39. Determine n(7).
-3
Let t(i) = i**3 - 7*i**2 - 127*i + 16. What is t(15)?
-89
Let n(z) = 215*z + 1305. Calculate n(-6).
15
Let k(n) = -14*n**2 - 36*n + 25. What is k(-6)?
-263
Let d(k) = -4*k**2 + 461*k + 5551. Give d(-11).
-4
Let w(r) = -r**3 + 23*r**2 + 148*r + 10. Determine w(-6).
166
Let i(t) = -t**2 - 21*t - 25. Determine i(-19).
13
Let m(w) = -w**3 + w**2 + 48*w - 53. Determine m(7).
-11
Let c(w) = -w**3 + 9*w**2 + 27*w - 48. Give c(12).
-156
Let b(j) = -j**2 + 508*j + 5705. Give b(-11).
-4
Let z(w) = -5*w**2 - 80*w + 103. Calculate z(-19).
-182
Let v(y) = -y**2 - 253*y + 2357. Determine v(9).
-1
Let z(i) = -3*i**2 + 5*i + 30. What is z(0)?
30
Let o(f) = -f**3 - 10*f**2 - 24*f + 3. Calculate o(-6).
3
Let u(m) = -m**2 + 23*m + 44. What is u(-2)?
-6
Let z(q) = -q**3 - 5*q**2 + 5*q - 96. Calculate z(-8).
56
Let t(w) = 2204*w - 13212. Give t(6).
12
Let q(p) = -p**2 + 40*p + 252. Determine q(46).
-24
Let c(z) = -z**2 + 5146*z + 118888. Give c(-23).
1
Let a(c) = c**3 - 48*c + 522. What is a(-10)?
2
Let i(s) = -3*s**2 + 200*s - 1787. Calculate i(56).
5
Let t(u) = 69*u - 337. What is t(6)?
77
Let v(y) = 408*y + 17127. Determine v(-42).
-9
Let b(h) = -64*h + 85. Give b(2).
-43
Let l(y) = 8*y**2 - 73*y - 80. Give l(10).
-10
Let p(o) = 139*o + 18. Calculate p(2).
296
Let m(h) = 13*h + 75. Calculate m(-5).
10
Let k(b) = 7640*b - 145167. Calculate k(19).
-7
Let p(l) = 3*l**2 - 27*l - 12. What is p(3)?
-66
Let w(c) = 4*c**2 + 44*c - 19. What is w(-12)?
29
Let j(p) = -p**3 + p**2 + 515*p + 1. Calculate j(0).
1
Let z(i) = -87*i**2 - 81*i + 1. Give z(-1).
-5
Let x(d) = 146*d - 6271. Determine x(43).
7
Let w(r) = -4*r**3 + 8*r**2 - 21*r + 52. Give w(3).
-47
Let s(k) = -5315*k - 10632. Determine s(-2).
-2
Let w(s) = s**3 + 23*s**2 - 20*s + 122. What is w(-24)?
26
Let f(a) = 60*a**3 + 3*a**2 + 15*a - 12. Calculate f(0).
-12
Let k(o) = o**2 - 4229*o + 21124. Give k(5).
4
Let z(v) = -4*v**3 + 54*v**2 + 15*v + 169. Determine z(14).
-13
Let l(b) = 2*b**2 + 2*b - 89. Calculate l(-7).
-5
Let l(c) = 28*c**2 - 139*c + 9. Determine l(5).
14
Let d(w) = -w**2 + 1153*w - 163019. Calculate d(165).
1
Let q(w) = -w**3 + 2*w**2 - w + 47. Calculate q(0).
47
Let y(i) = -i**3 - 48*i**2 + 95*i - 248. Calculate y(-50).
2
Let n(b) = 5*b**2 - 4*b + 30. Calculate n(5).
135
Let y(m) = -29*m**2 - 407*m + 406. Calculate y(1).
-30
Let k(d) = -3*d**3 + 42*d**2 + 92*d + 63. What is k(16)?
-1
Let t(j) = -36*j**3 + 81*j**2 - 5*j - 4. Give t(2).
22
Let z(f) = 10*f**3 + 75*f**2 - 62*f - 180. What is z(-8)?
-4
Let s(p) = -p**2 + 87*p - 550. Give s(79).
82
Let t(u) = -8*u**2 + 13*u - 9. Calculate t(2).
-15
Let z(m) = 106*m - 105. What is z(1)?
1
Let c(m) = 3*m**2 + 21*m - 16. Give c(-6).
-34
Let v(g) = g**3 - 3*g**2 + 9*g - 69. Calculate v(4).
-17
Let l(f) = 9*f**3 - 33*f**2 - 8*f + 30. Give l(4).
46
Let f(h) = h**3 + 10*h**2 + 17*h - 23. Give f(-7).
5
Let f(g) = 2*g**2 - 59*g + 187. Calculate f(27).
52
Let k(m) = 2*m**2 - 114*m + 1306. Give k(16).
-6
Let p(k) = 19*k**2 + 25*k - 27. What is p(5)?
573
Let l(s) = 5*s**3 - s**2 - 8*s - 8. Determine l(-1).
-6
Let v(c) = -904*c - 10845. Determine v(-12).
3
Let h(p) = -p**2 + 81*p + 4721. Determine h(-40).
-119
Let g(v) = 91*v - 100. Determine g(1).
-9
Let v(j) = -72*j - 1240. Give v(-17).
-16
Let w(b) = 33*b**2 - 8*b + 1. Give w(-1).
42
Let p(l) = -2*l**3 - 26*l**2 + 45*l + 246. What is p(-14)?
8
Let d(b) = b**3 - 7*b**2 + 7*b - 33. Determine d(11).
528
Let l(a) = 85*a + 1108. Give l(-13).
3
Let m(b) = -b**3 + 8*b**2 - 17*b + 20. What is m(7)?
-50
Let u(f) = 2*f**3 + 15*f**2 + 12*f - 64. Determine u(-5).
1
Let o(w) = 376*w + 78582. Give o(-209).
-2
Let y(k) = 42*k - 39. Calculate y(2).
45
Let d(u) = -u**2 - 58*u + 753. Give d(-71).
-170
Let u(r) = -6*r**2 + 480*r - 480. What is u(79)?
-6
Let a(f) = 2*f - 215. Determine a(18).
-179
Let o(s) = 2*s**3 + 25*s**2 - 41*s - 2. Give o(-14).
-16
Let j(h) = -h**2 + 32*h - 9. What is j(32)?
-9
Let r(j) = -24*j + 25. Determ